at is the tens digit of d?
1
Suppose 5*l + 2*s = 942, 5*l + 0*s + 4*s - 944 = 0. What is the hundreds digit of l?
1
Let y = 0 - 1. Let d be (-3 - (y + -1)) + 7. What is the units digit of 22/5 + d/10?
5
Suppose -b = -y + 267, -11*y - 2*b = -8*y - 781. What is the tens digit of y?
6
Let o = 108 - -20. What is the hundreds digit of o?
1
Suppose -c = c + 24. Let j = c - -28. Suppose -5*h - 6 = -j. What is the units digit of h?
2
Suppose 0 = 4*h - 10 - 2. Suppose 7*n - h*n = 40. What is the units digit of n?
0
Let v = 43 + 123. What is the units digit of v?
6
Suppose h + 5*n = -h + 53, -4*h + 85 = 3*n. What is the units digit of h?
9
Suppose 72 = 3*s + 27. What is the units digit of (1 - -34) + s/5?
8
Suppose 5*i - k - 621 = 0, i - k - 121 = -0*k. What is the units digit of i?
5
Suppose 4*b + 22 = 42. What is the units digit of b?
5
Suppose 0 = -2*l - 73 + 685. What is the units digit of l?
6
Let k(p) be the third derivative of -p**6/120 - 7*p**5/60 - p**4/3 - p**3/6 - 2*p**2. What is the units digit of k(-6)?
1
Let z(u) = -u + 5. Let x be z(3). Let r = x - 5. Let p = r + 10. What is the units digit of p?
7
Suppose -11*u + 415 = -3578. What is the tens digit of u?
6
Let m(w) = -w**2 + 2*w + 5. Let p be m(5). Let n = p + 12. What is the units digit of n?
2
Let l(z) = z**3 + z**2 - 3*z - 2. Let x be l(3). Suppose -5*j = x, -3*s = 2*j + 2*j - 76. Let a = s - 19. What is the tens digit of a?
1
Suppose -5*b = r - 37, -3*b - 127 = -3*r - 2*b. Suppose 0 = 8*z - 6*z - r. What is the units digit of z?
1
Let k(p) = p**3 - 9*p**2 + 3*p + 11. What is the tens digit of k(9)?
3
Let o = 22 - 1. What is the tens digit of o?
2
Suppose 26 = 4*j + 2*h, 0*j - h - 32 = -3*j. What is the units digit of j?
9
Let j = 4 + -4. Let i be -10*(j - 1/2). Suppose -v = -6*v + i. What is the units digit of v?
1
Suppose 41 = 5*r - 29. What is the units digit of r?
4
Let k be (-6)/(-9)*18/4. Let c be (0 + (0 - -1))/(-1). What is the units digit of 7 - (2 + k*c)?
8
Let m(t) = t + 94. What is the units digit of m(-21)?
3
Let z(u) = -2*u**3 - 5*u**2 - 4*u - 7. Let w be z(-5). Suppose w = 12*s - 9*s. What is the units digit of s?
6
Let r(t) = 4*t**3 - t**2 + t - 1. Let z(q) = 3*q**3 - q**2 + q - 2. Let m(l) = 4*r(l) - 5*z(l). What is the units digit of m(0)?
6
Let i(q) = -q**3 - 4*q**2 - 2*q - 5. What is the units digit of i(-4)?
3
Let y be -3 + 51 - 1*-3. Suppose -5*d = 3*x - y, 4*x = -d + 3*d - 10. What is the units digit of d?
9
Suppose -3*p + 106 = 7. Suppose -k + p = 3. What is the units digit of k?
0
Let g(z) be the first derivative of -12*z**2 - 2*z + 3. Let n be g(-3). What is the units digit of n/6 - (-2)/6?
2
Let h be (-3 + 0)*10/(-3). What is the units digit of 88/h - 1/(-5)?
9
Let g be 16*(6/(-4) + 2). What is the units digit of (-1)/(0 - -1) + g?
7
What is the tens digit of (23 + -3)/(-5) + 72?
6
Suppose -4*l + 333 = -p - 631, 3*l - 2*p - 718 = 0. What is the hundreds digit of l?
2
Let l = -39 + 95. What is the tens digit of l?
5
Let d(b) = -13*b - 14. What is the tens digit of d(-8)?
9
Suppose -2*v = -v - 80. Suppose 4*c = -5*o + o + v, -2*c - 3*o + 42 = 0. What is the units digit of c?
8
Let y(s) = -s**3 + 6*s**2 + 10*s - 9. What is the units digit of y(6)?
1
Suppose o = k - 9, -4*k + 3*o = -3*k - 17. Suppose -k*z - 1 = -76. What is the units digit of z?
5
Suppose 0 = 5*x - 24 - 26. Suppose 5*v = -0*v - x. What is the units digit of 8/12*(-9)/v?
3
Let w(o) = 6 - 9*o + 3 + 3*o - 1. What is the tens digit of w(-7)?
5
Suppose 3*a + a = 4. Let d = 1 - a. What is the units digit of d - 1*(0 + -9)?
9
Let d be 5/(15/9) + 1. Suppose 4*h + l - 33 = 0, d*h + 2*l = -3*l + 37. What is the units digit of h?
8
Let k be (-1)/3 + 258/18. What is the tens digit of k - 3*(-4)/(-6)?
1
Suppose 0 = -2*r - 2 + 4. Suppose s + 5 + r = 0. Let u = -5 - s. What is the units digit of u?
1
Let d = 19 + -14. Let h(y) = -y**2 + 6*y + 12. What is the tens digit of h(d)?
1
Let c(x) = 8*x**2 + 7*x + 11. What is the units digit of c(-2)?
9
Let b = -9 - -13. Suppose b*m = -0*m - 4*x, 4*m + 2*x = 4. Suppose m*g - 8 - 4 = 0. What is the units digit of g?
6
Let a(s) be the third derivative of 5*s**4/12 + 3*s**2. What is the units digit of a(1)?
0
Suppose -5*c + 182 = 3*i, 0 = 3*c + c - 16. Suppose 2*j - i = -3*a, -39 = -3*a + j + 2*j. What is the tens digit of a?
1
Suppose 0 = 5*k - 4*k - 15. Let r = k - -7. What is the tens digit of r?
2
Let n = -5 - -8. What is the tens digit of (n/2)/(6/48)?
1
Suppose -r + 6*r + 3*s - 222 = 0, r - 30 = 3*s. What is the tens digit of r?
4
Let i be ((-2)/4)/(1/16). Let h = -6 - i. What is the units digit of h?
2
Let y(i) = 11*i**2 - 6*i + 2. What is the tens digit of y(2)?
3
Let t(z) = z**3 - 8*z**2 - 20*z + 10. What is the tens digit of t(11)?
5
Let t be (-8)/(-3)*12/16. Let q = t - 0. What is the units digit of q?
2
Let l be (-10)/(-35) + 12/7. Let q(v) = l - 5*v + 4*v**2 + v**3 + 3*v + v. What is the units digit of q(-4)?
6
Let j = -8 - -6. What is the units digit of ((-6)/4)/(j/12)?
9
Suppose 0 = -n + 4 + 1. Let j(f) = 2*f - 1. Let o be j(n). Suppose d - o = 1. What is the units digit of d?
0
Let m(s) = s**3 + 29*s**2 + s + 53. What is the tens digit of m(-29)?
2
Suppose 0*v = -4*v - 16. Let n be 4/(-3)*78/v. Suppose 2*q - n = -0*q. What is the units digit of q?
3
Suppose 10 = j - n, j + 3*n + 20 = 2*j. Suppose 0 = 2*g + 3*g + j, 4*p - 17 = 5*g. What is the units digit of p?
3
Suppose 2*k - 6*k = -44. What is the units digit of k?
1
Suppose 0 = -2*i + 5*f + 17, -i + 4*f = -3 - 10. Let s = i + 1. What is the units digit of s?
2
What is the units digit of 2*((-1)/(-2) + -1)*-1?
1
Suppose -n - 2*n = -18. What is the units digit of 12*1*2/n?
4
Let p be -7 - -15 - -2*1. What is the units digit of (-42)/(-35) - 2/p?
1
Let z(o) = -o + 2. Let l be z(-4). Suppose 0 = u - l - 2. What is the units digit of u?
8
Let w be 2/(3/(-9) - -1). Suppose 0 = 3*y + 9, 0*b - w*b = 4*y - 63. What is the units digit of b?
5
What is the tens digit of (1/1)/((-15)/(-1365))?
9
Suppose 4*p = -2*f + 68, -2*p - 3*f = -8*f - 58. What is the units digit of p?
9
Let m(v) = v**2 + 12*v. Let o be m(-10). Let q be 12/o + (-6)/(-10). Suppose q = -4*x + 3*x + 8. What is the units digit of x?
8
Let y be -3*(-1 - (-14)/(-6)). Let p be ((-14)/(-35))/(1/y). Let s = 6 - p. What is the units digit of s?
2
Let c(i) = -i**2 + 2*i + 2. Let u be c(2). Suppose -85 = u*d - 7*d. What is the tens digit of d?
1
Let t be (1 - (-1 - 1)) + -1. Let y(j) = j**2 - j**3 + t*j**2 - 3 + j + 2*j. What is the units digit of y(3)?
6
Let x = -51 - -24. Let k be 195/x + 4/18. Let u = 11 + k. What is the units digit of u?
4
Let g = -9 + 3. Let j(s) = s**3 + 6*s**2 + 9. What is the units digit of j(g)?
9
Let y(b) = -b**3 + 2*b**2 - 3*b + 1. Let f(j) = -j**2 - 1. Let h(c) = 2*f(c) - y(c). What is the units digit of h(4)?
9
What is the units digit of 65/(-20)*(1 - 13)?
9
Let f = 15 + -21. Let h = 9 + f. What is the units digit of h?
3
Suppose -g = -0*g + 1. Let w = g + 5. Suppose 0 = -5*m + 14 - w. What is the units digit of m?
2
Let j(h) = -3*h + 2*h - 1 + 0 - 7*h**2 + 3*h. Let w be j(1). Let l = w + 8. What is the units digit of l?
2
Let h(n) = -2*n**3 - 25*n**2 + 14*n + 30. What is the units digit of h(-13)?
7
Suppose -2*r + 1 = -3. Let u be (2/6)/(r/(-6)). What is the units digit of -1*7/1*u?
7
Suppose 6*c - c + 30 = 0. Let y(s) = -s**3 - 5*s**2 + 5*s - 1. What is the units digit of y(c)?
5
Let p = -1 + 4. Suppose -k + 2*k = -p*u - 1, -k = -5*u - 31. What is the tens digit of k?
1
Suppose i - 2*x + 8 = 0, 5*i + x - 4 = 8*i. Suppose w = 5 - i. What is the units digit of w?
5
Let d(q) = q**2 + q + 2. Let m be (0 - (-1 + 0))*0. Let b be d(m). What is the units digit of (b - 0)*7/14?
1
Suppose 0 = -4*j - 5*f + 1247, -4*f = 5*j - 0*f - 1561. What is the tens digit of j?
1
Suppose -3*c = 34 + 50. Let o be ((-6)/7)/(4/c). Suppose w - 2*q + o - 23 = 0, 3*w = 2*q + 43. What is the tens digit of w?
1
Let y = -8 + 11. Suppose -5*d + 125 = m - 59, -d = -y*m - 24. What is the units digit of d?
6
Let q(p) = p**2 + 12*p + 8. What is the units digit of q(-13)?
1
Suppose -82 = -3*i + 2*k, -16 + 132 = 4*i + 4*k. Suppose h + i = -h. What is the units digit of (-2)/7 + (-32)/h?
2
Let c(i) = -4*i + 1. What is the units digit of c(-1)?
5
Suppose 0 = 3*d 